{"id":23767,"date":"2022-08-04T16:10:42","date_gmt":"2022-08-04T16:10:42","guid":{"rendered":"https:\/\/ikostudio.it\/portfolio\/vitral-con-icono-sagrado\/"},"modified":"2024-11-30T08:24:19","modified_gmt":"2024-11-30T08:24:19","slug":"vitral-con-icono-sagrado","status":"publish","type":"lavori","link":"https:\/\/ikostudio.it\/es\/lavori\/vitral-con-icono-sagrado\/","title":{"rendered":"Vitral con icono sagrado"},"content":{"rendered":"\t\t<div data-elementor-type=\"wp-post\" data-elementor-id=\"23767\" class=\"elementor elementor-23767 elementor-23757\" data-elementor-post-type=\"lavori\">\n\t\t\t\t\t\t<section class=\"elementor-section elementor-top-section elementor-element elementor-element-be8da6a elementor-section-boxed elementor-section-height-default elementor-section-height-default\" data-id=\"be8da6a\" data-element_type=\"section\" data-e-type=\"section\">\n\t\t\t\t\t\t<div class=\"elementor-container elementor-column-gap-default\">\n\t\t\t\t\t<div class=\"elementor-column elementor-col-100 elementor-top-column elementor-element elementor-element-6b450e2\" data-id=\"6b450e2\" data-element_type=\"column\" data-e-type=\"column\">\n\t\t\t<div class=\"elementor-widget-wrap elementor-element-populated\">\n\t\t\t\t\t\t<div class=\"elementor-element elementor-element-633ec15 elementor-widget elementor-widget-text-editor\" data-id=\"633ec15\" data-element_type=\"widget\" data-e-type=\"widget\" data-widget_type=\"text-editor.default\">\n\t\t\t\t<div class=\"elementor-widget-container\">\n\t\t\t\t\t\t\t\t\t<p>Vitral con icono sagrado que representa a la Virgen con el ni\u00f1o seg\u00fan el estilo ortodoxo griego cl\u00e1sico. Este vitral est\u00e1 tejido con plomo, realizado en gran parte con vidrio soplado y pintado con la t\u00e9cnica tradicional del vitral.<\/p>\n<p>Descubre las otras <a href=\"https:\/\/ikostudio.it\/es\/vitrales-artisticos-sacros\/\" target=\"_blank\" rel=\"noopener\">vitral art\u00edsticos sagrados<\/a><\/p>\n\t\t\t\t\t\t\t\t<\/div>\n\t\t\t\t<\/div>\n\t\t\t\t\t<\/div>\n\t\t<\/div>\n\t\t\t\t\t<\/div>\n\t\t<\/section>\n\t\t\t\t<\/div>\n\t\t","protected":false},"featured_media":23760,"template":"","stile":[2920],"lavori-tags":[2842],"class_list":["post-23767","lavori","type-lavori","status-publish","has-post-thumbnail","hentry","stile-vitrales-artisticos-sacros","lavori-tags-icono"],"_links":{"self":[{"href":"https:\/\/ikostudio.it\/es\/wp-json\/wp\/v2\/lavori\/23767","targetHints":{"allow":["GET"]}}],"collection":[{"href":"https:\/\/ikostudio.it\/es\/wp-json\/wp\/v2\/lavori"}],"about":[{"href":"https:\/\/ikostudio.it\/es\/wp-json\/wp\/v2\/types\/lavori"}],"version-history":[{"count":0,"href":"https:\/\/ikostudio.it\/es\/wp-json\/wp\/v2\/lavori\/23767\/revisions"}],"wp:featuredmedia":[{"embeddable":true,"href":"https:\/\/ikostudio.it\/es\/wp-json\/wp\/v2\/media\/23760"}],"wp:attachment":[{"href":"https:\/\/ikostudio.it\/es\/wp-json\/wp\/v2\/media?parent=23767"}],"wp:term":[{"taxonomy":"stile","embeddable":true,"href":"https:\/\/ikostudio.it\/es\/wp-json\/wp\/v2\/stile?post=23767"},{"taxonomy":"lavori-tags","embeddable":true,"href":"https:\/\/ikostudio.it\/es\/wp-json\/wp\/v2\/lavori-tags?post=23767"}],"curies":[{"name":"wp","href":"https:\/\/api.w.org\/{rel}","templated":true}]}}

<div data-elementor-type="wp-post" data-elementor-id="23767" class="elementor elementor-23767 elementor-23757" data-elementor-post-type="lavori">
						<section class="elementor-section elementor-top-section elementor-element elementor-element-be8da6a elementor-section-boxed elementor-section-height-default elementor-section-height-default" data-id="be8da6a" data-element_type="section" data-e-type="section">
						<div class="elementor-container elementor-column-gap-default">
					<div class="elementor-column elementor-col-100 elementor-top-column elementor-element elementor-element-6b450e2" data-id="6b450e2" data-element_type="column" data-e-type="column">
			<div class="elementor-widget-wrap elementor-element-populated">
						<div class="elementor-element elementor-element-633ec15 elementor-widget elementor-widget-text-editor" data-id="633ec15" data-element_type="widget" data-e-type="widget" data-widget_type="text-editor.default">
				<div class="elementor-widget-container">
									<p>Vitral con icono sagrado que representa a la Virgen con el niño según el estilo ortodoxo griego clásico. Este vitral está tejido con plomo, realizado en gran parte con vidrio soplado y pintado con la técnica tradicional del vitral.</p>
<p>Descubre las otras <a href="https://ikostudio.it/es/vitrales-artisticos-sacros/" target="_blank" rel="noopener">vitral artísticos sagrados</a></p>
								</div>
				</div>
					</div>
		</div>
					</div>
		</section>
				</div>
