{"id":18895,"date":"2019-10-14T16:37:48","date_gmt":"2019-10-14T16:37:48","guid":{"rendered":"http:\/\/ikostudio.it\/portfolio\/vidriera-artistica-arqueada-gotica\/"},"modified":"2024-11-30T08:45:06","modified_gmt":"2024-11-30T08:45:06","slug":"vidriera-artistica-arqueada-gotica","status":"publish","type":"lavori","link":"https:\/\/ikostudio.it\/es\/lavori\/vidriera-artistica-arqueada-gotica\/","title":{"rendered":"Vidriera art\u00edstica arqueada g\u00f3tica"},"content":{"rendered":"<h1>Vidriera art\u00edstica arqueada g\u00f3tica<\/h1>\n","protected":false},"featured_media":3167,"template":"","stile":[2923],"lavori-tags":[2554],"class_list":["post-18895","lavori","type-lavori","status-publish","has-post-thumbnail","hentry","stile-vitrales-decorativos","lavori-tags-gotico-es"],"_links":{"self":[{"href":"https:\/\/ikostudio.it\/es\/wp-json\/wp\/v2\/lavori\/18895","targetHints":{"allow":["GET"]}}],"collection":[{"href":"https:\/\/ikostudio.it\/es\/wp-json\/wp\/v2\/lavori"}],"about":[{"href":"https:\/\/ikostudio.it\/es\/wp-json\/wp\/v2\/types\/lavori"}],"version-history":[{"count":0,"href":"https:\/\/ikostudio.it\/es\/wp-json\/wp\/v2\/lavori\/18895\/revisions"}],"wp:featuredmedia":[{"embeddable":true,"href":"https:\/\/ikostudio.it\/es\/wp-json\/wp\/v2\/media\/3167"}],"wp:attachment":[{"href":"https:\/\/ikostudio.it\/es\/wp-json\/wp\/v2\/media?parent=18895"}],"wp:term":[{"taxonomy":"stile","embeddable":true,"href":"https:\/\/ikostudio.it\/es\/wp-json\/wp\/v2\/stile?post=18895"},{"taxonomy":"lavori-tags","embeddable":true,"href":"https:\/\/ikostudio.it\/es\/wp-json\/wp\/v2\/lavori-tags?post=18895"}],"curies":[{"name":"wp","href":"https:\/\/api.w.org\/{rel}","templated":true}]}}

Vidriera artística arqueada gótica

<h1>Vidriera artística arqueada gótica</h1>
