{"id":18888,"date":"2019-10-14T16:05:30","date_gmt":"2019-10-14T16:05:30","guid":{"rendered":"http:\/\/ikostudio.it\/portfolio\/vitral-artistico-sacro-con-cruz\/"},"modified":"2024-11-30T08:50:09","modified_gmt":"2024-11-30T08:50:09","slug":"vitral-artistico-sacro-con-cruz","status":"publish","type":"lavori","link":"https:\/\/ikostudio.it\/es\/lavori\/vitral-artistico-sacro-con-cruz\/","title":{"rendered":"Vitral art\u00edstico sacro con cruz"},"content":{"rendered":"\t\t<div data-elementor-type=\"wp-post\" data-elementor-id=\"18888\" class=\"elementor elementor-18888 elementor-16697\" data-elementor-post-type=\"lavori\">\n\t\t\t\t<div class=\"elementor-element elementor-element-553111a4 e-flex e-con-boxed e-con e-parent\" data-id=\"553111a4\" data-element_type=\"container\" data-e-type=\"container\">\n\t\t\t\t\t<div class=\"e-con-inner\">\n\t\t\t\t<div class=\"elementor-element elementor-element-14262f75 elementor-widget elementor-widget-text-editor\" data-id=\"14262f75\" data-element_type=\"widget\" data-e-type=\"widget\" data-widget_type=\"text-editor.default\">\n\t\t\t\t<div class=\"elementor-widget-container\">\n\t\t\t\t\t\t\t\t\t<p>Vitral art\u00edstico sacro con cruz<\/p>\n<p>Este vitral religioso, que presenta una cruz, fue dise\u00f1ado espec\u00edficamente para una capilla en el cementerio de Grotte di Castro.<\/p>\n<p>Hecho con la t\u00e9cnicas de plomo, el vitral incorpora tanto vidrio catedral como vidrio soplado a mano. En el centro, un medall\u00f3n central muestra una representaci\u00f3n pintada a mano del Cordero, un s\u00edmbolo de Cristo. El vidrio ha sido horneado varias veces para fijar la pintura de forma permanente, lo que garantiza su longevidad.<\/p>\n<p>Para explorar m\u00e1s sobre nuestro arte sacro, visite nuestra p\u00e1gina dedicada a <a href=\"https:\/\/ikostudio.it\/es\/vitrales-artisticos-sacros\/\" target=\"_blank\" rel=\"noopener\">Vitrales Artisticos Sacros<\/a><\/p>\n\t\t\t\t\t\t\t\t<\/div>\n\t\t\t\t<\/div>\n\t\t\t\t\t<\/div>\n\t\t\t\t<\/div>\n\t\t\t\t<\/div>\n\t\t","protected":false},"featured_media":3176,"template":"","stile":[2920],"lavori-tags":[],"class_list":["post-18888","lavori","type-lavori","status-publish","has-post-thumbnail","hentry","stile-vitrales-artisticos-sacros"],"_links":{"self":[{"href":"https:\/\/ikostudio.it\/es\/wp-json\/wp\/v2\/lavori\/18888","targetHints":{"allow":["GET"]}}],"collection":[{"href":"https:\/\/ikostudio.it\/es\/wp-json\/wp\/v2\/lavori"}],"about":[{"href":"https:\/\/ikostudio.it\/es\/wp-json\/wp\/v2\/types\/lavori"}],"version-history":[{"count":0,"href":"https:\/\/ikostudio.it\/es\/wp-json\/wp\/v2\/lavori\/18888\/revisions"}],"wp:featuredmedia":[{"embeddable":true,"href":"https:\/\/ikostudio.it\/es\/wp-json\/wp\/v2\/media\/3176"}],"wp:attachment":[{"href":"https:\/\/ikostudio.it\/es\/wp-json\/wp\/v2\/media?parent=18888"}],"wp:term":[{"taxonomy":"stile","embeddable":true,"href":"https:\/\/ikostudio.it\/es\/wp-json\/wp\/v2\/stile?post=18888"},{"taxonomy":"lavori-tags","embeddable":true,"href":"https:\/\/ikostudio.it\/es\/wp-json\/wp\/v2\/lavori-tags?post=18888"}],"curies":[{"name":"wp","href":"https:\/\/api.w.org\/{rel}","templated":true}]}}

Vitral artístico sacro con cruz

<div data-elementor-type="wp-post" data-elementor-id="18888" class="elementor elementor-18888 elementor-16697" data-elementor-post-type="lavori">
				<div class="elementor-element elementor-element-553111a4 e-flex e-con-boxed e-con e-parent" data-id="553111a4" data-element_type="container" data-e-type="container">
					<div class="e-con-inner">
				<div class="elementor-element elementor-element-14262f75 elementor-widget elementor-widget-text-editor" data-id="14262f75" data-element_type="widget" data-e-type="widget" data-widget_type="text-editor.default">
				<div class="elementor-widget-container">
									<p>Vitral artístico sacro con cruz</p>
<p>Este vitral religioso, que presenta una cruz, fue diseñado específicamente para una capilla en el cementerio de Grotte di Castro.</p>
<p>Hecho con la técnicas de plomo, el vitral incorpora tanto vidrio catedral como vidrio soplado a mano. En el centro, un medallón central muestra una representación pintada a mano del Cordero, un símbolo de Cristo. El vidrio ha sido horneado varias veces para fijar la pintura de forma permanente, lo que garantiza su longevidad.</p>
<p>Para explorar más sobre nuestro arte sacro, visite nuestra página dedicada a <a href="https://ikostudio.it/es/vitrales-artisticos-sacros/" target="_blank" rel="noopener">Vitrales Artisticos Sacros</a></p>
								</div>
				</div>
					</div>
				</div>
				</div>
